
a87c8
In base 13, what is -151 - 231?
-382
In base 8, what is -776532 - -14?
-776516
In base 16, what is 376c8f - -3?
376c92
In base 16, what is -1 - 1bea?
-1beb
In base 9, what is 144271 - -53?
144334
In base 10, what is -2048 + 7?
-2041
In base 6, what is -3154443 - -3?
-3154440
In base 2, what is 101100010011 - 11101000?
101000101011
In base 15, what is 5 + 53c1c?
53c22
In base 14, what is -c + 10558?
1054a
In base 11, what is 51 + -643?
-5a2
In base 11, what is 1126 - 445?
791
In base 4, what is -10313 - 3300122?
-3311101
In base 2, what is 10001000110110011 - 10?
10001000110110001
In base 14, what is 2 + 5d318?
5d31a
In base 13, what is -415 + 249?
-199
In base 8, what is -24116 + -1?
-24117
In base 8, what is 744101 - 14?
744065
In base 9, what is 11 - -220746?
220757
In base 4, what is 11 + 232101011?
232101022
In base 12, what is 71b4 + -5?
71ab
In base 11, what is -2 + 20363a?
203638
In base 11, what is -14 - -3437?
3423
In base 9, what is 12761 + -12?
12748
In base 10, what is -1236 + 514?
-722
In base 10, what is -4 - 22627?
-22631
In base 12, what is 3 + -7137?
-7134
In base 13, what is 87 - 208?
-151
In base 15, what is 1a472 + 4?
1a476
In base 9, what is 30546 - 5?
30541
In base 15, what is -13e0 - -2?
-13dd
In base 7, what is 1424 + -1230?
164
In base 7, what is 30 + 436110?
436140
In base 9, what is -481 - -1371?
780
In base 16, what is -a696 - -5?
-a691
In base 10, what is 24 - -36582?
36606
In base 2, what is 100011100111110 + -110?
100011100111000
In base 4, what is 131210 + -30?
131120
In base 7, what is -4 - -113206?
113202
In base 10, what is -1 + 32919?
32918
In base 4, what is -1 + 303231?
303230
In base 3, what is 12 - -1202110011?
1202110100
In base 6, what is -4222 + -22?
-4244
In base 11, what is -3 - 22?
-25
In base 9, what is -4 - -260751?
260746
In base 15, what is -2 - 2848?
-284a
In base 6, what is -3530302 + 1?
-3530301
In base 5, what is 1010 + -3344?
-2334
In base 15, what is -3d6 - -164e?
1268
In base 14, what is 157 + 42c8?
4441
In base 12, what is -1 - -1964b?
1964a
In base 3, what is 11 - -20112222011?
20112222022
In base 16, what is -1e - 708?
-726
In base 3, what is 1000001121221 - -10?
1000001122001
In base 13, what is 4 - -c247?
c24b
In base 11, what is 193 - -1a1?
384
In base 3, what is 21 - -110002122?
110002220
In base 3, what is 212202110 - -111?
212202221
In base 16, what is -297b - 4?
-297f
In base 6, what is 34434225 + 0?
34434225
In base 9, what is 4 - -4435?
4440
In base 9, what is -2 - -6130?
6127
In base 5, what is 332031403 + 3?
332031411
In base 14, what is -15787 + 17?
-15770
In base 12, what is -11b7a4 - -1?
-11b7a3
In base 14, what is 6 + 570?
576
In base 14, what is -85 - dab?
-1052
In base 14, what is 4 + 26ca5?
26ca9
In base 8, what is 424377 - 0?
424377
In base 13, what is 3 - -4614?
4617
In base 5, what is -33100042 + -2?
-33100044
In base 16, what is 7ef - 2?
7ed
In base 10, what is 7 + -2477?
-2470
In base 2, what is -10011000010100 + 100011101?
-10010011110111
In base 8, what is -10 + 114074?
114064
In base 14, what is -c6b - -81?
-bca
In base 2, what is 1001000001000111110 + 100?
1001000001001000010
In base 10, what is 3219 + 118?
3337
In base 15, what is -5e9 + d1?
-518
In base 13, what is -850a + -8?
-8515
In base 10, what is -119 - 54?
-173
In base 10, what is 21 + 7394?
7415
In base 2, what is 1001111000001011 + -100?
1001111000000111
In base 3, what is -1002202 + 1020?
-1001112
In base 11, what is -a5 + 6a9?
604
In base 12, what is 2365a69 + 5?
2365a72
In base 4, what is -1331 + -212211?
-220202
In base 12, what is -26568a - 0?
-26568a
In base 14, what is -5 + -101596?
-10159b
In base 9, what is 1054 - -276?
1341
In base 12, what is -3 - -571749?
571746
In base 15, what is 7be3e + -7?
7be37
In base 2, what is -10101111111010 + -110?
-10110000000000
In base 15, what is 4e1 + 86?
577
In base 3, what is -11 - 222021010?
-222021021
In base 12, what is 36418 - 12?
36406
In base 15, what is 59 - -5b?
b5
In base 15, what is -7ce + 92?
-73c
In base 5, what is -12 + 430133?
430121
In base 8, what is 5 + -1470776?
-1470771
In base 4, what is 102303222 - -33?
102303321
In base 10, what is 722 + -96?
626
In base 14, what is -5 - 3666?
-366b
In base 5, what is -432111114 + 2?
-432111112
In base 6, what is 113325342 + -3?
113325335
In base 3, what is -22 - -12021021?
12020222
In base 3, what is -10020 + 10102010?
10021220
In base 12, what is -8 + -ab5a?
-ab66
In base 5, what is -1 + 3200133?
3200132
In base 11, what is -260 + -64?
-314
In base 11, what is 1906a3 - -2?
1906a5
In base 12, what is 7a80 - -ab?
7b6b
In base 5, what is -12244333 - 21?
-12244404
In base 15, what is c68 - -10a?
d73
In base 12, what is -4b1 - 3b1?
-8a2
In base 4, what is -30133 - 33?
-30232
In base 15, what is -a463 + 4?
-a45e
In base 6, what is -135212255 + -5?
-135212304
In base 6, what is 41051 - 5?
41042
In base 4, what is 110 + 131333?
132103
In base 14, what is -19dca + 30?
-19d9a
In base 11, what is -12207 - 4?
-12210
In base 13, what is 3 - 3381?
-337b
In base 10, what is 251 - -507?
758
In base 10, what is -60 - -162?
102
In base 3, what is -10 - -21021100210?
21021100200
In base 2, what is 110010000 + 101011100010111?
101100010100111
In base 9, what is -127 + -1172?
-1310
In base 6, what is 1 + 121041?
121042
In base 8, what is -3127 + 4?
-3123
In base 7, what is 0 + -254366?
-254366
In base 8, what is 1300 + -2664?
-1364
In base 13, what is -c8a7 - -7?
-c8a0
In base 6, what is -5442 - -531?
-4511
In base 12, what is 133 + 637?
76a
In base 12, what is -1681 - -11?
-1670
In base 10, what is 46005 - 1?
46004
In base 6, what is 1022 - -221?
1243
In base 14, what is 19b12 - -5?
19b17
In base 5, what is -2101 + 4102?
2001
In base 14, what is -505 + 13?
-4d2
In base 13, what is 6 + -636?
-630
In base 11, what is -127 + 54?
-83
In base 3, what is -2100222000221 + 1?
-2100222000220
In base 8, what is 71133 + 13?
71146
In base 11, what is -21 - -940?
91a
In base 9, what is 0 - 2782?
-2782
In base 10, what is -22 - -775?
753
In base 10, what is 370 + 1645?
2015
In base 14, what is -5 + -2d58?
-2d5d
In base 16, what is -1d6 - 12?
-1e8
In base 16, what is 35e1 + 2?
35e3
In base 6, what is -520504 + 10?
-520454
In base 3, what is -10221011201 - -1022?
-10221010102
In base 10, what is 1276 - -7?
1283
In base 11, what is -1 + -455366?
-455367
In base 4, what is -30 - -1321222?
1321132
In base 14, what is 112 - -4a6?
5b8
In base 10, what is -4883 + -88?
-4971
In base 12, what is -20 + -51177?
-51197
In base 7, what is -11062 + 12?
-11050
In base 9, what is 1340 + 5882?
7332
In base 7, what is 3 - -14214054?
14214060
In base 4, what is -22201 + -3112?
-31313
In base 4, what is -2 - 3232210?
-3232212
In base 7, what is 101 - 246?
-145
In base 2, what is -1111110111 - -10000?
-1111100111
In base 4, what is 102 + -1332311?
-1332203
In base 7, what is -3465 + 4?
-3461
In base 14, what is 4 - -18342?
18346
In base 7, what is 40 + 405520?
405560
In base 14, what is -341 - -224?
-11b
In base 9, what is 0 - -50753?
50753
In base 8, what is 40327 + 0?
40327
In base 7, what is 156 - -1031?
1220
In base 12, what is 148 - -38?
184
In base 9, what is -154 - -3506?
3342
In base 9, what is 2 - 6882?
-6880
In base 14, what is -19bb02 - -4?
-19badc
In base 11, what is -12 + -10?
-22
In base 5, what is 3 - -1203322?
1203330
In base 7, what is 14 + -641?
-624
In base 9, what is -1661 - 0?
-1661
In base 3, what is 10110102 + -1212?
10101120
In base 14, what is 1ac9 + 8?
1ad3
In base 16, what is -2 + -50732?
-50734
In base 11, what is 106 - 974?
-869
In base 13, what is 33 + 162?
195
In base 12, what is 2 + 289395?
289397
In base 9, what is 1 - 2700?
-2688
In base 9, what is -37 + 8837?
8800
In base 9, what is -2 + -274656?
-274658
In base 6, what is -444113 - -3?
-444110
In base 16, what is 3d7 - 13?
3c4
In base 10, what is 644 + -12?
632
In base 8, what is 23 + -334676?
-334653
In base 11, what is -1 - 156a45?
-156a46
In base 7, what is -602 + 500?
-102
In base 13, what is -4b10 + -20?
-4b30
In base 12, what is -2513 + -11?
-2524
In base 3, what is -10 - -21101001?
21100221
In base 3, what is 12 + 2201100222112?
2201100222201
In base 8, what is 351 + -43?
306
In base 2, what is 0 - 1001110110110101110?
-1001110110110101110
In bas